 52?
True
Let i(o) = -1202*o - 208. Is 115 a factor of i(-4)?
True
Suppose -15*s + 3*v + 753 = -13*s, -5*s - 2*v + 1892 = 0. Is 26 a factor of s?
False
Let s(b) = -412*b. Let v be s(-1). Let y = v - 293. Let t = -56 + y. Is 21 a factor of t?
True
Let n(r) = -63*r**3 - 5*r**2 + 7*r + 29. Does 52 divide n(-3)?
True
Suppose -954*f + 949*f = -11500. Is f a multiple of 19?
False
Suppose 0 = -2*w - 198 + 594. Is 7 a factor of w?
False
Suppose -4 = -5*g + 21. Suppose 4*p - 116 = -g*u + u, 0 = -4*u + 4*p + 156. Is u a multiple of 19?
False
Let v(a) = -a**2 - 10*a + 13. Let p be v(-8). Suppose -4*f + p = -11. Is f a multiple of 9?
False
Is -8 - (-852)/3 - 2 a multiple of 11?
False
Suppose -360 = 26*b - 34*b. Is 6 a factor of b?
False
Let l = -3 + 5. Suppose h + l*x - 55 = -4*h, -5*h = -x - 70. Does 13 divide h*(2 + -1)/1?
True
Suppose -5*p + 0*p - 25 = 0. Let d be 1/p + (-3332)/(-35). Suppose 0 = -2*q + d + 7. Does 14 divide q?
False
Let g(y) = 2*y + 24. Let q be g(-12). Suppose q = -2*f + 9*f - 294. Does 14 divide f?
True
Suppose -2*x - 4*v - 5 = x, 20 = 5*x + v. Suppose 4*j + 4*n = 428, 505 = x*j - 0*n - 5*n. Is j a multiple of 12?
False
Is 9/(27/5)*51 a multiple of 74?
False
Does 45 divide ((-4680)/(-144))/(1/18)?
True
Let s = -279 - -189. Is s/1*(-2)/3 a multiple of 15?
True
Let m(a) = -12*a - 13 + 8*a - a**3 - 10*a**2 - 9*a. Is m(-9) a multiple of 16?
False
Let m(q) = 103*q**3 + 7*q**2 + q. Is 18 a factor of m(2)?
False
Does 2 divide (36/(-18))/(3/(-159))?
True
Let m(p) = p - 25*p**3 - 5*p + 1 + 4*p**2 + 9*p. Let h be m(4). Is h/(-27) - (-8)/(-72) a multiple of 28?
True
Suppose -68*k + 60*k + 184 = 0. Is 8 a factor of k?
False
Suppose 0 = 16*t - 15*t + 2*r - 455, -2*r - 2323 = -5*t. Does 34 divide t?
False
Suppose 4*s - 2*r = 1278, -5*r + 10 = -3*r. Is 46 a factor of s?
True
Let p = -27 + 39. Suppose -p*x - 220 = -17*x. Is 8 a factor of x?
False
Let u = -302 + 406. Does 6 divide u?
False
Suppose -2*p - y = -6, 2*p + 2*y - 6 = -0*y. Let h be -3 + p + 1 + -26. Is 3 a factor of (7 + -2)*(-30)/h?
True
Let y(g) = -g**3 + 12*g**2 + 34*g - 34. Does 2 divide y(14)?
True
Suppose -6*i + 166 = 4*s - i, 4*s = 5*i + 146. Suppose s*c - 176 = 37*c. Is c a multiple of 22?
True
Let l(b) = -7*b - 16. Let r(v) = v. Let z(c) = -l(c) - 6*r(c). Let i be z(-13). Does 8 divide (1 - (i - 3))*24?
True
Suppose 19*u = 22*u - 7695. Is u a multiple of 15?
True
Let s(a) be the first derivative of -9*a**4/4 + a**2/2 + 18. Is 4 a factor of s(-1)?
True
Let s be (7/(-21))/(2/(-12)). Let x(u) = 8*u + 1 - 6*u - 2*u + 17*u**s. Is x(-1) a multiple of 6?
True
Let d(u) = -151*u - 6. Is d(-6) a multiple of 36?
True
Let j(c) = 17*c**2 + 2*c + 2. Suppose 8 + 2 = -5*f. Let u be j(f). Suppose -4*s - 79 = -3*t, t - u = -t - 4*s. Is t a multiple of 15?
False
Suppose -431 - 316 = 9*w. Let z = w + 120. Is z a multiple of 7?
False
Let t be 3/(-9) - (-30)/9. Suppose -y - 2*y + 37 = 4*n, -t = -y. Is 10 a factor of (n + -3)*10 + -1?
False
Suppose -3*h + 2*v + 1576 = 0, 2096 = 155*h - 151*h - 4*v. Does 48 divide h?
True
Suppose -u - u = 0, y + 2*u - 646 = 0. Is y a multiple of 19?
True
Let b = 3244 + -1996. Does 6 divide b?
True
Does 13 divide (-2478)/(-10) - (-64)/(-80)?
True
Suppose 5555 = 40*i - 6285. Is i a multiple of 37?
True
Is -2 + (323 - 49/(-7)) a multiple of 82?
True
Let q = 267 + 112. Is 6 a factor of q?
False
Suppose -5*o = -0 - 5. Let v(d) = -2*d + 2. Let y be v(o). Suppose 4*h - 2*j - 42 = y, -2*h + 15 = -h - 5*j. Is h a multiple of 10?
True
Suppose -10 = -5*d, -4*i - d - 52 = -3*d. Let x = i - -66. Is x a multiple of 8?
False
Suppose 34 = 2*t - 4*h, -5*t + h - 11 = -51. Let z(v) = 12*v + t + 2*v + 12*v. Is z(2) a multiple of 9?
False
Suppose 4*l + c + 2 = 13, l + 1 = -4*c. Let v(y) = -15*y**2 + 6*y + 9*y**l - 6*y**3 - 4*y**3 + 7*y - 19. Is v(-16) a multiple of 8?
False
Suppose a + 0 + 5 = 0, 5*h - 2200 = -3*a. Suppose 0 = -5*y - p + 137 + 401, h = 4*y + 5*p. Is y a multiple of 27?
False
Let z be 4/(-14) - 16/(-7). Let p be 2/4 - (-206)/4. Suppose z*f - p = -0*f. Does 13 divide f?
True
Let s be -5 + 6 - -23*3. Let v = s - 36. Does 6 divide v?
False
Let k(l) = -2*l**2 + 56*l + 16. Is 5 a factor of k(27)?
True
Let r = 491 + -350. Suppose 0 = -z + 2*k + r, 5*z + 5*k - 780 = -0*k. Is 23 a factor of z?
False
Does 13 divide (2 + 1 + -2)/(28/1316)?
False
Let t = 2112 - 1092. Is t a multiple of 102?
True
Suppose 0 = -10*i - 7*i. Suppose i = -4*b + 1154 - 426. Does 26 divide b?
True
Let p(m) = -m**3 - 13*m**2 + 7*m - 24. Let y be p(-13). Let q = -91 - y. Does 7 divide q?
False
Let q = -1085 + 2327. Does 46 divide q?
True
Let w(k) = -k - 15. Let u be w(-5). Let f be (-12 - -9)*u/6. Suppose 388 = f*t + 3*s - 0*s, 92 = t - 3*s. Does 17 divide t?
False
Suppose 4*u = -3*a + 199, 2*u - a + 0*a = 97. Let s(m) = m**3 + 4*m**2 - 9*m - 9. Let f be s(-5). Suppose 0 = x - f - u. Is x a multiple of 20?
True
Let m be (-78)/(-4)*2/3. Let j be -1*1 - (m - 4). Let t(k) = k**3 + 10*k**2 - 3*k + 6. Is 6 a factor of t(j)?
True
Suppose -10 = -9*u + 4*u. Let r be (-1225)/(-14) - (-3)/(-6). Suppose 2*o + y - r = -u*o, -2*o = -4*y - 66. Is 10 a factor of o?
False
Suppose -12 = -3*j + 2*y, 2*j - 6*j - 5*y - 7 = 0. Let l = -403 - -530. Suppose l = j*z - 5. Does 20 divide z?
False
Let z be (-110)/(1/14*-2). Suppose 5*f - z = -5*f. Is 7 a factor of f?
True
Let m = 3212 - 1700. Is m a multiple of 21?
True
Is 5272/12 - (-18)/27 a multiple of 32?
False
Let v = 1417 - -683. Is 35 a factor of v?
True
Let d be (-32)/(-15) - (-10)/(-75). Let n be (-2 + 5 - d)*0. Suppose -2*r - 68 = -x, n = x + 5*r - 4*r - 65. Is 24 a factor of x?
False
Suppose 1073 = r + 4*f + 54, 0 = -4*r + 3*f + 3981. Does 58 divide r?
False
Let x = -626 - -1801. Does 25 divide x?
True
Suppose -18*w + 4*n = -20*w + 1516, 0 = 2*w - 3*n - 1509. Is 63 a factor of w?
True
Does 13 divide (-14672)/(-49) - 14 - (-4)/7?
True
Let u = 561 - 518. Is u a multiple of 40?
False
Let g = 15 - -10. Suppose 6*q - g = q. Suppose -127 = -3*v - 2*o, -q*v - o + 180 = -4*o. Is v a multiple of 13?
True
Let q(h) = h**2 + 61*h - 546. Is 82 a factor of q(51)?
True
Let g(y) = 3*y**3 + 43*y**2 - y + 27. Is g(-11) a multiple of 13?
True
Let h = -4 + 11. Suppose -9 = -p + 3*d, -2*p - 69 = -h*p + 3*d. Suppose -5*o + 40 = -p. Is o a multiple of 6?
False
Suppose 2*j - j - 4*d - 48 = 0, -4*j - 3*d + 211 = 0. Suppose 0 = z + 3*z + j. Is 19 a factor of (z/(-26))/((-2)/(-92))?
False
Suppose -2*j + 8 = 26. Let m = j + -3. Let n = -9 - m. Is 2 a factor of n?
False
Let p(n) = 21*n**2 - 6*n - 4. Is p(4) a multiple of 16?
False
Is 525/24 - 13/(-104) a multiple of 9?
False
Let o be (-14 - -11)*8/(-6). Suppose 50 = o*f + g, g = -2*f + 4*g + 18. Is 2 a factor of f?
True
Let a be (-99)/2*(-2 - 0). Suppose -a = -2*g + 61. Suppose -6*o = -o - g. Is 9 a factor of o?
False
Let z(d) = -7*d**3 + 2*d**2 + 3*d + 1. Let w be z(-2). Let s(q) = q**2 - 14*q + 97. Let g be s(7). Suppose n = -2*y + w, -2*n = -y - 45 - g. Does 15 divide n?
False
Suppose -19*y - 2*u + 3452 = -15*y, -4*y + 3*u = -3462. Does 32 divide y?
True
Does 4 divide ((-64)/3)/(60/(-990))?
True
Is 29 a factor of 814/7 - (-10)/(-35)?
True
Suppose -4*z = 4*s - 228, -5*s - 4*z + 288 = -0. Suppose s = 4*u - 24. Is 5 a factor of u?
False
Suppose 2*k + 36 - 78 = 0. Let g = k - 21. Suppose 5*z = 4*p + 7, -3*z = 4*p - g*p - 17. Is 2 a factor of p?
True
Suppose 2*s - 3*d - 28 - 5 = 0, 3*d + 24 = s. Suppose -75 = 5*o + 60. Let k = s - o. Is 18 a factor of k?
True
Let l(u) = u**3 - 15*u**2 + u - 16. Let c be l(15). Is 17 a factor of -2*(2 + c) - -70?
True
Let p(x) = 2*x**2 + 15*x + 3. Let k(f) = 3*f**2 + 15*f + 2. Let z(o) = -3*k(o) + 4*p(o). Is 11 a factor of z(11)?
False
Suppose 2*t - 8 = 4. Suppose -t*z + 285 = -z. Suppose 2*i - 100 = g + 19, -2*g = i - z. Is 17 a factor of i?
False
Let s = -42 + 237. Let l = s + -35. Does 20 divide l?
True
Suppose 2839 + 4361 = 10*b. Is 12 a factor of b?
True
Let a be (-4)/16 + (-2788)/(-16). Suppose 5*m - a = 96. Is m a multiple of 10?
False
Let z(a) = a**2 - a + 2*a + 2 + 5. Suppose 0 = 2*l - l. Is 3 a factor of z(l)?
False
Let l be (-110)/(-33)*(0 + (-3)/(-2)). Suppose 0 = -u + l + 11. Does 7 divide u?
False
Suppose 4 = -3*k + k, 20 = -2*i - 4*k. Let f(w) = 2*w**2 + 8*w + 6. Let p be f(i). Let n = p + -10. Is 7 a fact